8716953?
True
Is 253 a factor of 15618449?
True
Is 30 a factor of 95421895?
False
Is 76043849 a multiple of 31?
False
Is 4163260 a multiple of 1030?
True
Is 54 a factor of 10626830?
False
Does 134 divide 486577338?
False
Does 57 divide 55049574?
True
Is 18283069 a multiple of 967?
True
Is 1288169064 a multiple of 3789?
True
Is 18 a factor of 1457058618?
True
Is 302775933 a multiple of 17?
True
Does 156 divide 142293712?
False
Is 167645740 a multiple of 1780?
True
Is 153337964 a multiple of 299?
True
Is 25 a factor of 33748250?
True
Is 88 a factor of 170988312?
True
Is 6883100 a multiple of 25?
True
Is 7784140 a multiple of 6544?
False
Is 260858150 a multiple of 6433?
True
Is 18265500 a multiple of 1025?
True
Is 6 a factor of 64018776?
True
Does 15 divide 268976505?
True
Does 18 divide 53016696?
True
Does 1296 divide 193972723?
False
Is 26918804 a multiple of 56?
False
Is 23608416 a multiple of 8?
True
Is 17897275 a multiple of 55?
True
Is 1529 a factor of 3979987?
True
Is 24348082 a multiple of 22?
True
Is 173411100 a multiple of 210?
False
Is 702143 a multiple of 181?
False
Is 48 a factor of 54560448?
True
Is 18775680 a multiple of 896?
True
Is 11 a factor of 782276?
True
Does 172 divide 256421551?
False
Does 3342 divide 16890725?
False
Is 31851281 a multiple of 398?
False
Is 186227797 a multiple of 207?
False
Is 3419 a factor of 118950429?
True
Is 17094384 a multiple of 7?
False
Does 177 divide 7805877?
True
Is 1462856710 a multiple of 530?
True
Is 13 a factor of 124021885?
True
Is 248 a factor of 65253900?
False
Is 319 a factor of 1343733389?
False
Does 142 divide 35372484?
True
Is 798 a factor of 269351334?
True
Is 252 a factor of 17013276?
True
Is 360 a factor of 15823109?
False
Is 111387804 a multiple of 1254?
True
Is 29 a factor of 170765021?
True
Does 66 divide 60684888?
True
Is 579338946 a multiple of 1216?
False
Is 555 a factor of 18433770?
True
Is 30 a factor of 76447436?
False
Is 217571631 a multiple of 911?
False
Does 355 divide 13455286?
False
Does 143 divide 4362967?
False
Is 118208742 a multiple of 277?
False
Is 61939342 a multiple of 7?
False
Does 343 divide 45417216?
False
Is 60596751 a multiple of 21?
False
Does 4 divide 6390364?
True
Does 48 divide 39194789?
False
Is 854937414 a multiple of 16?
False
Is 37761611 a multiple of 13?
False
Is 19739132 a multiple of 28?
True
Is 13 a factor of 159515057?
True
Is 180807984 a multiple of 36?
True
Is 5417 a factor of 354369247?
False
Does 4821 divide 625659738?
True
Is 340492538 a multiple of 19?
False
Does 21 divide 88095084?
True
Is 858 a factor of 536219946?
False
Is 823 a factor of 14533246?
False
Does 2028 divide 3025421100?
True
Is 1664 a factor of 38406190?
False
Does 322 divide 45647934?
False
Is 433 a factor of 115017516?
False
Does 3094 divide 109561634?
True
Is 1246100911 a multiple of 17?
False
Is 123 a factor of 51571809?
True
Is 36868627 a multiple of 3?
False
Is 1014611346 a multiple of 8257?
False
Is 176293020 a multiple of 2?
True
Does 110 divide 58134340?
True
Is 8835029 a multiple of 11?
False
Is 1133262319 a multiple of 2929?
True
Is 694 a factor of 41838484?
True
Does 704 divide 90026816?
True
Is 23380436 a multiple of 2?
True
Is 948292410 a multiple of 14?
False
Does 8 divide 13900409?
False
Is 179861640 a multiple of 42?
True
Does 24 divide 102682392?
True
Is 12771705 a multiple of 285?
True
Is 58 a factor of 3581423034?
True
Is 1492 a factor of 11646552?
True
Does 134 divide 19473148?
True
Is 87 a factor of 33044949?
True
Does 291 divide 7380932?
False
Is 15 a factor of 14124435?
True
Does 274 divide 19659227?
False
Does 189 divide 26744283?
False
Does 314 divide 1047460086?
False
Is 338 a factor of 22798172?
False
Does 35 divide 48862555?
True
Is 962203074 a multiple of 23?
False
Is 6031171 a multiple of 183?
False
Is 805 a factor of 46566131?
False
Is 68 a factor of 10732040?
False
Does 957 divide 49206069?
True
Is 511168595 a multiple of 1883?
True
Is 730 a factor of 1646908470?
True
Does 11 divide 586742541?
True
Is 14 a factor of 769920397?
False
Is 19 a factor of 614811662?
False
Does 12 divide 275567352?
True
Is 40781100 a multiple of 150?
True
Does 23 divide 1024426854?
True
Does 532 divide 913437084?
True
Is 22623300 a multiple of 171?
True
Does 389 divide 1262519339?
True
Does 814 divide 510184?
False
Does 387 divide 1948301429?
False
Does 283 divide 96632048?
True
Is 29184949 a multiple of 2817?
False
Does 168 divide 2050288800?
True
Is 12 a factor of 3537420?
True
Does 207 divide 193610350?
False
Is 2080920 a multiple of 72?
False
Is 24724780 a multiple of 5?
True
Is 119 a factor of 484128533?
True
Is 300301136 a multiple of 388?
True
Is 1825474098 a multiple of 6?
True
Is 13461578 a multiple of 15?
False
Is 1704885470 a multiple of 66?
False
Does 428 divide 170929932?
True
Is 180232854 a multiple of 5554?
True
Does 52 divide 30672616?
True
Is 1945128742 a multiple of 7118?
True
Is 48 a factor of 1119968112?
True
Does 4599 divide 697981469?
False
Is 1081786925 a multiple of 17?
True
Is 129307450 a multiple of 439?
True
Is 123 a factor of 8345181?
True
Is 16127487 a multiple of 807?
False
Does 602 divide 110666367?
False
Does 16 divide 231267696?
True
Does 376 divide 1947992080?
True
Does 12 divide 194246652?
True
Is 300 a factor of 24992549?
False
Does 409 divide 557739394?
True
Is 38 a factor of 2884261446?
True
Does 254 divide 301962?
False
Is 164617201 a multiple of 3409?
True
Is 8 a factor of 9919418?
False
Is 21209425 a multiple of 775?
True
Is 120713648 a multiple of 53?
True
Does 232 divide 15487160?
True
Is 169 a factor of 30633447?
True
Does 55 divide 127154046?
False
Does 106 divide 666403342?
False
Is 12741070 a multiple of 10?
True
Does 103 divide 127223334?
True
Is 159462328 a multiple of 32?
False
Does 35 divide 846447?
False
Is 123 a factor of 23297940?
False
Is 1413 a factor of 461082960?
False
Is 9 a factor of 2896722?
True
Is 1191 a factor of 928192749?
True
Does 6 divide 534901242?
True
Does 1578 divide 131521566?
True
Is 8 a factor of 77774696?
True
Is 244451972 a multiple of 15?
False
Is 318829266 a multiple of 46?
True
Is 20 a factor of 7119442858?
False
Is 479 a factor of 6631457?
False
Is 31481328 a multiple of 38?
True
Does 294 divide 161714700?
True
Does 859 divide 250857206?
True
Is 30496581 a multiple of 21?
False
Is 7730410284 a multiple of 12?
True
Does 3208 divide 38528080?
True
Is 826994750 a multiple of 38?
False
Is 71274190 a multiple of 10?
True
Is 6703502 a multiple of 776?
False
Is 213872096 a multiple of 7?
False
Is 73 a factor of 45464160?
False
Is 22144758 a multiple of 681?
True
Does 1513 divide 90810655?
False
Is 42 a factor of 171564454?
False
Does 99 divide 166792537?
False
Is 41 a factor of 397777?
False
Is 953489867 a multiple of 6127?
True
Is 4210 a factor of 285892680?
True
Is 309 a factor of 11418477?
True
Is 79 a factor of 8056505?
False
Is 3 a factor of 3695305?
False
Is 153 a factor of 501273821?
False
Is 64613141 a multiple of 17?
True
Does 134 divide 1308163772?
False
Is 140 a factor of 61261900?
True
Does 179 divide 80747079?
True
Does 3237 divide 651079644?
False
Does 1212 divide 179376000?
True
Is 303 a factor of 26750355?
True
Is 10901 a factor of 3390745149?
True
Is 64 a factor of 548591354?
False
Does 4111 divide 141023431?
False
Is 19994092 a multiple of 498?
False
Does 440 divide 131469800?
True
Is 381955273 a multiple of 123?
False
Is 2068507660 a multiple of 15?
False
Is 677 a factor of 331032013?
True
Is 29 a factor of 50509?
False
Is 183 a factor of 34416774?
False
Is 64098540 a multiple of 44?
True
Does 76 divide 195630935?
False
Is 26331840 a multiple of 360?
True
Is 3943 a factor of 197783435?
False
Is 294513537 a multiple of 42?
False
Is 1085965643 a multiple of 17?
False
Is 37 a factor of 7135598?
True
Does 12 divide 318347388?
True
Does 300 divide 162926883?
False
Is 78637928 a multiple of 225?
False
Is 259852698 a multiple of 774?
True
Does 190 divide 143551921?
False
Is 17 a factor of 1556564978?
False
Does 199 divide 735729989?
False
Is 21 a factor of 44237623?
False
Is 4 a factor of 334860949?
False
Does 8 divide 19452136?
True
Does 5956 divide 149391837?
False
Is 81387537 a multiple of 235?
False
Does 850 divide 1261757000?
True
Is 280 a factor of 280259000?
True
Is 